l(-141)?
-2
Let u(d) = 2*d**2 - 16*d + 10. Calculate u(3).
-20
Let v(l) = l**3 + 2*l**2 - 3*l + 31. What is v(5)?
191
Let k(r) = 68*r + 40. Give k(-5).
-300
Let r(o) = -o**2 - 46*o - 530. Give r(-22).
-2
Let b(q) = -59*q + 1000. Determine b(17).
-3
Let x(r) = -r**3 + 10*r**2 - 19*r + 74. Calculate x(9).
-16
Let j(m) = -865*m + 25964. Calculate j(30).
14
Let v(g) = -g**3 + 34*g**2 - 257*g + 94. Calculate v(22).
248
Let t(q) = q**3 - 52*q**2 + 45*q + 292. Give t(51).
-14
Let j(k) = -k**3 - k**2 + 71*k - 70. Determine j(1).
-1
Let p(y) = 32*y + 1337. Calculate p(-20).
697
Let b(z) = 48*z + 1579. Determine b(-26).
331
Let a(y) = 63*y + 65. Determine a(-1).
2
Let p(o) = -4*o**2 - 16*o - 169. Give p(-7).
-253
Let m(r) = -2*r**3 + 4*r**2 + 27*r + 25. Determine m(-3).
34
Let q(p) = -1259*p - 1214. Calculate q(-1).
45
Let b(f) = f**3 + 25*f**2 + 72*f + 11. What is b(-22)?
-121
Let n(u) = u**3 + 43*u**2 - 3*u - 17. Calculate n(-43).
112
Let g(f) = -f**3 + 56*f**2 - 164*f - 45. Calculate g(53).
-310
Let o(l) = l**2 + 610*l + 88806. Calculate o(-370).
6
Let a(n) = -17*n - 207. Calculate a(-12).
-3
Let t(i) = -6*i + 359. Determine t(67).
-43
Let t(b) = b**3 + 104*b**2 + 110*b + 732. What is t(-103)?
11
Let c(g) = 42*g + 66. What is c(-5)?
-144
Let x(v) = v**3 - 54*v**2 + 46*v + 411. Determine x(53).
40
Let w(t) = -6*t**3 - 144*t**2 - t - 23. Calculate w(-24).
1
Let d(o) = 7*o - 46. What is d(-21)?
-193
Let y(n) = 18*n**2 + 36*n - 34. Give y(-3).
20
Let k(g) = -g**2 + 10*g + 36. Determine k(-2).
12
Let n(v) = 176*v + 4403. What is n(-25)?
3
Let c(n) = -41*n + 786. Give c(20).
-34
Let h(n) = n**2 + 44*n + 22. Give h(-44).
22
Let u(x) = -x**3 + 85*x**2 - 1783*x - 962. Determine u(42).
4
Let k(w) = -6*w**2 - 9*w + 24. Give k(-3).
-3
Let j(r) = 53*r - 3968. Give j(75).
7
Let g(u) = -u**3 - 49*u**2 + 115*u + 11631. What is g(-46)?
-7
Let l(j) = -j**2 - 66*j - 204. Determine l(-66).
-204
Let k(s) = 4*s**2 - 790*s - 13666. Give k(-16).
-2
Let h(l) = 2*l**2 - 32*l - 5. Give h(11).
-115
Let s(a) = -2*a**3 - 22*a**2 - 19*a - 48. Calculate s(-10).
-58
Let t(f) = 12*f**3 + 22*f**2 - 64*f + 17. Give t(3).
347
Let i(o) = -575*o - 13219. What is i(-23)?
6
Let r(p) = -155*p - 4607. Calculate r(-30).
43
Let j(v) = -2*v**2 - 53*v - 127. What is j(-24)?
-7
Let d(m) = -2699*m - 27023. Give d(-10).
-33
Let y(a) = -8*a**2 - 399*a - 36. What is y(-52)?
-920
Let s(q) = -35*q + 2019. Give s(48).
339
Let t(u) = u**3 + 21*u**2 + 40*u + 16. Calculate t(-9).
628
Let t(v) = 1269*v - 26644. Give t(21).
5
Let t(u) = -3*u**3 - 98*u**2 + 747*u + 225. Determine t(-39).
-9
Let p(o) = 3*o**3 - 240*o**2 - 4*o + 322. Calculate p(80).
2
Let m(d) = -d**2 + 6*d + 1998. Calculate m(48).
-18
Let q(p) = 63*p - 2187. Calculate q(35).
18
Let h(z) = 12*z + 136. Give h(-6).
64
Let a(r) = r**3 + 27*r**2 - 311*r - 77. What is a(9)?
40
Let i(z) = -z**3 - 7*z**2 + 19*z + 144. Give i(-5).
-1
Let n(b) = -b**2 - 73*b + 3103. Calculate n(30).
13
Let r(n) = 3*n**3 - 4*n**2 + 111*n - 316. Calculate r(3).
62
Let k(m) = -462*m + 18952. Give k(41).
10
Let t(u) = u - 190. Calculate t(-37).
-227
Let i(r) = -3*r**2 + 206*r + 959. Determine i(73).
10
Let b(w) = -3*w**3 + 26*w**2 - 8*w + 98. Determine b(9).
-55
Let n(y) = 4*y**2 - 244*y - 52. Calculate n(61).
-52
Let k(f) = -18*f**2 - 3*f - 7. Determine k(-2).
-73
Let y(s) = -s**3 + 10*s**2 + 165*s + 14. What is y(-9)?
68
Let j(x) = 54*x + 2658. Calculate j(-49).
12
Let b(h) = -2*h**2 + 125*h - 110. Calculate b(62).
-48
Let x(l) = -251*l + 56475. Give x(225).
0
Let w(u) = 2419*u**2 + 9683*u + 34. Give w(-4).
6
Let w(p) = p**3 + 70*p**2 + 606*p - 10. Determine w(-10).
-70
Let t(r) = 2*r**3 + 20*r**2 + 17*r - 2. Give t(-9).
7
Let c(w) = 30208*w - 211456. What is c(7)?
0
Let a(r) = -3*r**2 + 47*r - 5. What is a(15)?
25
Let b(i) = 12*i + 114. Determine b(-13).
-42
Let a(r) = -r**3 + 5*r**2 - 8*r + 22. What is a(8)?
-234
Let l(s) = 2*s**2 - 51*s + 351. Give l(6).
117
Let v(d) = 11*d**2 - 79*d - 78. Determine v(8).
-6
Let q(p) = -p**3 - p**2 + 21*p - 76. Calculate q(4).
-72
Let d(a) = -6*a**2 + 18*a + 646. Determine d(-9).
-2
Let v(w) = -81*w + 110. Give v(4).
-214
Let w(h) = 43*h + 2419. What is w(-55)?
54
Let f(y) = y**3 + 31*y**2 - 140*y - 1287. Calculate f(-34).
5
Let k(z) = -2*z**3 - 270*z**2 - 240*z + 3741. Calculate k(-134).
-11
Let k(o) = -o**3 + 47*o**2 + 259*o - 22. Give k(52).
-74
Let q(c) = 10602*c + 53010. What is q(-5)?
0
Let r(g) = g**2 + 30*g - 1205. Calculate r(-53).
14
Let o(f) = -3558*f + 284635. Give o(80).
-5
Let a(z) = 5*z**2 - 47*z + 76. Give a(7).
-8
Let d(y) = y**2 + 23*y + 175. What is d(-10)?
45
Let p(j) = -71*j + 511. Determine p(8).
-57
Let k(q) = -36*q**2 + 34*q + 73. Give k(-2).
-139
Let h(v) = 9*v**3 - 2*v**2 - 19*v + 35. Calculate h(2).
61
Let q(t) = 2*t**3 + 60*t**2 - 9*t - 306. Determine q(-30).
-36
Let q(u) = -u**3 - 213*u**2 + 639*u - 1956. Give q(-216).
-12
Let n(d) = -144*d + 376. Determine n(2).
88
Let b(s) = -37*s + 72. Give b(3).
-39
Let o(r) = 7*r**3 + 3*r**2 + 9*r - 5. Give o(0).
-5
Let k(l) = 381*l - 18674. Determine k(49).
-5
Let f(w) = -118*w - 27. Calculate f(0).
-27
Let n(m) = 187*m + 4862. Determine n(-26).
0
Let f(z) = -111*z + 997. Determine f(9).
-2
Let h(x) = -2*x**3 - 13*x**2 + 8*x + 39. Determine h(-7).
32
Let j(t) = t**2 - 57*t + 399. Calculate j(50).
49
Let q(j) = j**2 + 38*j + 42. Give q(-28).
-238
Let c(j) = j**2 - 4*j - 2395. Give c(-47).
2
Let o(z) = 8*z - 197. Determine o(17).
-61
Let r(h) = 4*h**3 + 3*h**2 + 21*h + 39. Give r(-2).
-23
Let z(k) = k**2 + 50*k + 278. Give z(-44).
14
Let d(g) = g**3 + 14*g**2 + 905*g + 11602. Calculate d(-13).
6
Let h(q) = -q**2 - 41*q + 1775. What is h(26)?
33
Let m(g) = -4*g**3 - 9*g**2 - 9*g - 4. Give m(-3).
50
Let d(q) = -19*q - 803. Calculate d(-46).
71
Let w(m) = 87*m + 671. Calculate w(-8).
-25
Let h(m) = m**2 + 112*m + 2513. Calculate h(-81).
2
Let t(c) = -9*c - 26. What is t(0)?
-26
Let y(c) = c**3 - 43*c**2 + 38*c + 29. Calculate y(42).
-139
Let z(x) = -43*x**2 + 15*x + 3. Give z(-2).
-199
Let r(t) = -t**2 - 120*t + 4505. Calculate r(30).
5
Let o(h) = 480*h - 15354. Give o(32).
6
Let o(u) = -4*u**2 - 46*u + 148. What is o(3)?
-26
Let r(i) = i**3 - 21*i**2 - 16*i - 162. What is r(22)?
-30
Let b(q) = 843*q + 11806. Calculate b(-14).
4
Let x(c) = -2*c**3 - 37*c**2 + 26*c + 118. Determine x(-19).
-15
Let u(k) = k**3 + 15*k**2 - 45*k - 66. Calculate u(-17).
121
Let l(a) = a**3 - 29*a**2 - 2*a + 25. Calculate l(29).
-33
Let w(x) = -1044*x + 1020. What is w(1)?
-24
Let d(q) = q**2 - 162*q + 5272. Give d(45).
7
Let w(q) = 11*q + 322. Calculate w(-42).
-140
Let a(l) = 2*l**2 + 5*l - 112. What is a(0)?
-112
Let r(x) = -593*x - 14228. Give r(-24).
4
Let s(l) = l**3 - 97*l**2 - 159*l - 3863. What is s(99)?
-2
Let j(l) = l**2 + 12*l - 215. Determine j(9).
-26
Let x(a) = -2*a**3 + 4*a**2 - 12*a - 63. Calculate x(0).
-63
Let p(u) = u**2 + 13*u + 43. What is p(-7)?
1
Let y(o) = -o**3 + 44*o**2 - 7*o + 315. Determine y(44).
7
Let x(z) = z**3 + 27*z**2 + 168*z + 34. Give x(-18).
-74
Let y(d) = -2*d**2 - 16*d + 25. Calculate y(11).
-393
Let g(k) = 2*k**2 + 14*k - 294. Determine g(9).
-6
Let p(v) = -v**2 - 16*v + 292. Give p(-27).
-5
Let c(b) = 19*b**2 + 93*b - 12. Determine c(-5).
-2
Let l(b) = -5*b**2 + 1594*b - 1595. What is l(1)?
-6
Let n(w) = 561*w + 2800. Give n(-5).
-5
Let k(v) = 6*v + 145. What is k(-21)?
19
Let r(o) = -o**3 - 16*o**2 - 10*o - 22. Calculate r(-14).
-274
Let b(r) = -24*r + 133. Determine b(0).
133
Let j(d) = -8*d**2 - 330*d - 81. What is j(-41)?
1
Let u(l) = -5*l**3 - 8*l**2 - 73*l - 153. Calculate u(-2).
1
Let g(j) = -270*j + 7288. Determine g(27).
-2
Let y(z) = -10*z**2 - 20*z + 78. Give y(5).
-272
Let i(p) = -p**3 - 32*p**2 + 89*p - 20. Determine i(-35).
540
Let q(b) = -b**3 - 21*b**2 - 24*b + 81. Give q(-20).
161
Let l(k) = -k**2 + 254*k + 1807. What is l(-7)?
-20
Let v(b) = -b**3 - 13*b**2 - 23*b + 47. Calculate v(-11).
58
Let p(v) = v**3 - 11*v**2 + 7*v - 29. Give p(12).
199
Let a(r) = -187*r + 912. What is a(5)?
-23
Let h(m) = -m**3 + 63*m**2 + 193*m + 209. Determine h(66).
-121
Let t(g) = -119*g - 818. What is t(-7)?
15
Let i(v) = 15*v + 376. What is i(-24)?
16
Let f(i) = -11*i**3 + 1261*i**2 - 797*i - 95. Give f(114).
19
Let x(q) = q**3 + 20*q**2 + 70*q + 18.